the greatest common divisor of 5446 and 2728057?
389
What is the greatest common divisor of 4953936 and 120?
24
Calculate the greatest common factor of 29 and 2394455789.
29
Calculate the highest common factor of 16260 and 50835.
15
Calculate the highest common factor of 18702193 and 47.
47
What is the greatest common factor of 121743 and 4293?
81
Calculate the greatest common factor of 277383050 and 112.
14
Calculate the highest common divisor of 392171 and 11364873.
4043
Calculate the highest common factor of 13010508 and 6426.
2142
What is the highest common factor of 496 and 33242168?
248
Calculate the highest common divisor of 96 and 28072752.
48
What is the greatest common divisor of 25118336 and 16?
16
What is the greatest common divisor of 20328850 and 50?
50
What is the greatest common factor of 331415049 and 105?
21
Calculate the greatest common factor of 167939 and 783.
29
Calculate the greatest common factor of 282894 and 3602.
2
Calculate the greatest common divisor of 22334400 and 800.
800
Calculate the greatest common factor of 300 and 29256200.
100
Calculate the highest common divisor of 1631298968 and 13.
13
What is the highest common divisor of 515394 and 41511?
411
What is the highest common factor of 214755534 and 882?
882
Calculate the greatest common divisor of 286074 and 927.
9
What is the highest common factor of 20976 and 254656?
368
Calculate the greatest common factor of 340 and 739563920.
340
What is the highest common factor of 145907130 and 6?
6
What is the highest common divisor of 21280818 and 19266?
1014
What is the greatest common factor of 4647773 and 70577?
793
Calculate the highest common factor of 33360100 and 437005.
6155
What is the highest common factor of 116564749 and 26024?
3253
Calculate the greatest common divisor of 318915 and 20888.
373
What is the greatest common divisor of 3921 and 340365?
3
What is the greatest common divisor of 20288 and 1680576?
64
Calculate the greatest common divisor of 41544 and 1791252.
36
What is the highest common divisor of 117616 and 29808?
16
What is the highest common divisor of 4246 and 9215756?
22
What is the highest common factor of 15451606 and 153?
17
Calculate the greatest common divisor of 55848952 and 3582.
398
Calculate the highest common factor of 522 and 112010412.
174
Calculate the highest common divisor of 902484 and 381744.
396
Calculate the highest common factor of 324 and 407961.
9
What is the highest common factor of 235767 and 686700?
2289
Calculate the highest common factor of 7328 and 3684.
4
Calculate the greatest common factor of 31338 and 5976.
18
What is the highest common divisor of 2013 and 950763?
33
Calculate the highest common factor of 4746728 and 12250.
98
What is the greatest common factor of 35517 and 384?
3
Calculate the highest common factor of 78243 and 81147.
33
Calculate the greatest common factor of 578 and 22261381.
289
Calculate the highest common factor of 171 and 33222393.
171
Calculate the highest common divisor of 1526 and 30716854.
1526
What is the greatest common factor of 9368 and 1000096?
8
Calculate the greatest common divisor of 13262 and 817358.
698
What is the greatest common divisor of 25 and 2810785?
5
What is the highest common divisor of 13481 and 9022?
13
Calculate the greatest common divisor of 1097028 and 27.
9
What is the highest common divisor of 2529 and 1145349?
9
Calculate the highest common divisor of 876188 and 18386.
634
What is the highest common divisor of 2354 and 634710197?
1177
Calculate the greatest common factor of 1910 and 828280.
10
Calculate the highest common divisor of 94300 and 7194147.
943
Calculate the greatest common factor of 585 and 29776617.
117
What is the greatest common factor of 732 and 150618516?
732
Calculate the greatest common divisor of 9249429 and 9030.
903
What is the highest common divisor of 391958722 and 116?
58
What is the greatest common divisor of 5360 and 708592?
1072
Calculate the highest common factor of 1656307 and 9322.
59
Calculate the greatest common divisor of 4 and 781628828.
4
What is the greatest common divisor of 192004056 and 72?
72
Calculate the greatest common divisor of 8740 and 190961134.
874
Calculate the greatest common factor of 63200 and 806116.
316
What is the highest common divisor of 66252 and 60?
12
Calculate the greatest common factor of 123400460 and 80.
20
Calculate the greatest common divisor of 18017186 and 1628.
22
Calculate the highest common factor of 250 and 5747860.
10
Calculate the highest common divisor of 38 and 497926635.
19
Calculate the highest common divisor of 24101358 and 738.
246
What is the greatest common divisor of 8 and 15821548?
4
What is the highest common factor of 21384918 and 216?
54
What is the greatest common factor of 168 and 3506370?
42
What is the greatest common divisor of 14732735 and 3485?
205
What is the greatest common factor of 544289 and 1953946?
1717
Calculate the greatest common divisor of 51501204 and 6588.
108
Calculate the greatest common factor of 3149 and 1751925.
47
What is the highest common factor of 13105985 and 55?
5
Calculate the highest common divisor of 27 and 11420667.
9
Calculate the greatest common factor of 52 and 25652770.
26
What is the greatest common divisor of 1246238624 and 1968?
656
What is the highest common divisor of 117528 and 238542?
498
What is the greatest common divisor of 107460 and 16474812?
2388
What is the greatest common factor of 8130 and 248250?
30
Calculate the highest common divisor of 1722274 and 1387.
19
Calculate the greatest common factor of 1935 and 89189439.
129
What is the greatest common divisor of 8330 and 3024182?
98
Calculate the greatest common divisor of 1719 and 265203.
9
Calculate the highest common factor of 16 and 15418968.
8
Calculate the greatest common factor of 2480 and 947840.
80
What is the highest common factor of 14530 and 35461918?
2906
Calculate the greatest common divisor of 2970 and 2297020.
110
What is the highest common divisor of 2288312 and 1573?
13
Calculate the highest common divisor of 2883372 and 11684.
92
Calculate the greatest common factor of 649 and 3747739.
59
What is the highest common divisor of 1073303 and 13727?
371
What is the greatest common divisor of 624 and 12116364?
156
Calculate the greatest common divisor of 484753000 and 275.
25
Calculate the greatest common divisor of 417 and 14409.
3
Calculate the highest common factor of 637 and 1798511.
13
What is the highest common divisor of 415655 and 69041?
1409
What is the greatest common factor of 1646255 and 5577830?
2945
What is the highest common factor of 1572 and 69535324?
524
What is the greatest common divisor of 156098 and 14?
2
Calculate the greatest common divisor of 189040 and 12784.
272
Calculate the greatest common divisor of 1111 and 193589.
11
What is the greatest common divisor of 9 and 91820133?
9
What is the highest common factor of 1872 and 107384472?
936
Calculate the greatest common factor of 198 and 6520716.
18
What is the greatest common factor of 25774 and 2749928?
526
What is the greatest common factor of 18084 and 92532?
132
Calculate the greatest common factor of 3675 and 32681628.
147
What is the greatest common factor of 7750 and 4787175?
775
Calculate the greatest common divisor of 77397768 and 189.
189
What is the greatest common divisor of 24500695 and 125891?
961
What is the highest common divisor of 5471708 and 592?
148
Calculate the highest common factor of 39 and 4680689.
13
What is the greatest common divisor of 20282651 and 501?
167
Calculate the greatest common divisor of 45446160 and 7680.
240
Calculate the greatest common factor of 77463 and 350379.
513
Calculate the greatest common factor of 816211 and 473.
11
What is the highest common divisor of 20 and 644803530?
10
Calculate the highest common divisor of 240960 and 65316.
12
What is the greatest common divisor of 58 and 124613?
29
Calculate the highest common divisor of 12636 and 31500.
36
What is the greatest common divisor of 3312 and 254436396?
276
Calculate the highest common divisor of 14004 and 70596.
36
Calculate the highest common divisor of 4748886 and 360.
18
Calculate the greatest common divisor of 293738592 and 1344.
672
Calculate the highest commo